{"id":13,"date":"2025-06-10T14:20:47","date_gmt":"2025-06-10T12:20:47","guid":{"rendered":"https:\/\/lurgenceenambulance.fr\/?page_id=13"},"modified":"2025-06-25T20:24:53","modified_gmt":"2025-06-25T18:24:53","slug":"parametres","status":"publish","type":"page","link":"https:\/\/lurgenceenambulance.fr\/index.php\/parametres\/","title":{"rendered":"PARAMETRES"},"content":{"rendered":"\n<h2 class=\"wp-block-heading has-custom-color-1-color has-text-color has-link-color wp-elements-c27fa0f979a12e7520df05f3037d587a\"><br><strong>Fr\u00e9quence respiratoire par mouvements par minute:<\/strong><\/h2>\n\n\n\n<figure class=\"wp-block-table\"><table class=\"has-fixed-layout\"><tbody><tr><td class=\"has-text-align-center\" data-align=\"center\"><strong>ADULTE<\/strong><\/td><td class=\"has-text-align-center\" data-align=\"center\"><strong>ENFANT<\/strong><\/td><td class=\"has-text-align-center\" data-align=\"center\"><strong>NOURRISSON<\/strong><\/td><td class=\"has-text-align-center\" data-align=\"center\"><strong>NOUVEAU-N\u00c9<\/strong><\/td><\/tr><tr><td class=\"has-text-align-center\" data-align=\"center\">12 \u00e0 20<\/td><td class=\"has-text-align-center\" data-align=\"center\">20 \u00e0 30<\/td><td class=\"has-text-align-center\" data-align=\"center\">30 \u00e0 40<\/td><td class=\"has-text-align-center\" data-align=\"center\">40 \u00e0 60<\/td><\/tr><\/tbody><\/table><\/figure>\n\n\n\n<h2 class=\"wp-block-heading has-custom-color-1-color has-text-color has-link-color wp-elements-ec4c9c0a079a1fcb55dc8ba2a9a08f59\"><br><strong>Fr\u00e9quence cardiaque en battements par minute:<\/strong><\/h2>\n\n\n\n<figure class=\"wp-block-table\"><table class=\"has-fixed-layout\"><tbody><tr><td class=\"has-text-align-center\" data-align=\"center\"><strong>ADULTE<\/strong><\/td><td class=\"has-text-align-center\" data-align=\"center\"><strong>ENFANT<\/strong><\/td><td class=\"has-text-align-center\" data-align=\"center\"><strong>NOURRISSON<\/strong><\/td><td class=\"has-text-align-center\" data-align=\"center\"><strong>NOUVEAU-N\u00c9<\/strong><\/td><\/tr><tr><td class=\"has-text-align-center\" data-align=\"center\">60 \u00e0 100<\/td><td class=\"has-text-align-center\" data-align=\"center\">70 \u00e0 140<\/td><td class=\"has-text-align-center\" data-align=\"center\">100 \u00e0 160<\/td><td class=\"has-text-align-center\" data-align=\"center\">120 \u00e0 160<\/td><\/tr><\/tbody><\/table><\/figure>\n\n\n\n<h2 class=\"wp-block-heading has-custom-color-1-color has-text-color has-link-color wp-elements-5b7788399999a05743ee452b9d899358\"><br><strong>Saturation en oxyg\u00e8ne (SpO2) normale (or insu\ufb03sant respiratoire chronique):<\/strong><\/h2>\n\n\n\n<p class=\"has-custom-color-2-color has-text-color has-link-color has-medium-font-size wp-elements-d2e92ceef69bdda6b6443192c6773352\">Entre 94% et 100%<\/p>\n\n\n\n<p>(BPCO: 89%-94%)<\/p>\n\n\n\n<h2 class=\"wp-block-heading has-custom-color-1-color has-text-color has-link-color wp-elements-98cada18d13dc1eedb3855898974b2e4\"><br><strong>Glyc\u00e9mie normale:<\/strong><\/h2>\n\n\n\n<p class=\"has-medium-font-size\">Entre 0,70 et 1,20 g\/L<\/p>\n\n\n\n<h2 class=\"wp-block-heading has-custom-color-1-color has-text-color has-link-color wp-elements-81657845e18c539a7182e23dbc6d290a\"><br><strong>Score de Glasgow:<\/strong><\/h2>\n\n\n\n<figure class=\"wp-block-table\"><table class=\"has-fixed-layout\"><tbody><tr><td><strong>Ouverture des Yeux<\/strong><\/td><td><strong>R\u00e9ponse verbale<\/strong><\/td><td><strong>R\u00e9ponse motrice<\/strong><\/td><\/tr><tr><td>Spontan\u00e9e: 4<\/td><td>Normale: 5<\/td><td>Ob\u00e9it: 6<\/td><\/tr><tr><td>\u00e0 la voix: 3<\/td><td>Incompr\u00e9hensible: 4<\/td><td>R\u00e9ponse orient\u00e9e: 5<\/td><\/tr><tr><td>\u00e0 la douleur: 2<\/td><td>Inappropri\u00e9: 3<\/td><td>Evitement: 4<\/td><\/tr><tr><td>N\u00e9ant: 1<\/td><td>Inintelligible: 3<\/td><td>Flexion: 3<\/td><\/tr><tr><td><\/td><td>N\u00e9ant: 1<\/td><td>Extention: 2<\/td><\/tr><tr><td><\/td><td><\/td><td>Aucun: 1<\/td><\/tr><\/tbody><\/table><\/figure>\n\n\n\n<h2 class=\"wp-block-heading has-custom-color-1-color has-text-color has-link-color wp-elements-1530ca7f6324cb95c89d8105db264787\"><br><strong>Pose d\u2019un \u00e9lectrocardiogramme:<\/strong><\/h2>\n\n\n\n<figure class=\"wp-block-image size-large\"><img loading=\"lazy\" decoding=\"async\" width=\"1024\" height=\"463\" src=\"https:\/\/lurgenceenambulance.fr\/wp-content\/uploads\/2025\/06\/Capture-decran-2025-06-10-a-14.20.31-1024x463.png\" alt=\"\" class=\"wp-image-14\" srcset=\"https:\/\/lurgenceenambulance.fr\/wp-content\/uploads\/2025\/06\/Capture-decran-2025-06-10-a-14.20.31-1024x463.png 1024w, https:\/\/lurgenceenambulance.fr\/wp-content\/uploads\/2025\/06\/Capture-decran-2025-06-10-a-14.20.31-300x136.png 300w, https:\/\/lurgenceenambulance.fr\/wp-content\/uploads\/2025\/06\/Capture-decran-2025-06-10-a-14.20.31-768x347.png 768w, https:\/\/lurgenceenambulance.fr\/wp-content\/uploads\/2025\/06\/Capture-decran-2025-06-10-a-14.20.31.png 1182w\" sizes=\"auto, (max-width: 1024px) 100vw, 1024px\" \/><\/figure>\n","protected":false},"excerpt":{"rendered":"<p>Fr\u00e9quence respiratoire par mouvements par minute: ADULTE ENFANT NOURRISSON NOUVEAU-N\u00c9 12 \u00e0 20 20 \u00e0 30 30 \u00e0 40 40 \u00e0 60 Fr\u00e9quence cardiaque en battements par minute: ADULTE ENFANT NOURRISSON NOUVEAU-N\u00c9 60 \u00e0 100 70 \u00e0 140 100 \u00e0 160 120 \u00e0 160 Saturation en oxyg\u00e8ne (SpO2) normale (or insu\ufb03sant respiratoire chronique): Entre 94% [&hellip;]<\/p>\n","protected":false},"author":1,"featured_media":0,"parent":0,"menu_order":0,"comment_status":"closed","ping_status":"closed","template":"","meta":{"footnotes":""},"class_list":["post-13","page","type-page","status-publish","hentry"],"_links":{"self":[{"href":"https:\/\/lurgenceenambulance.fr\/index.php\/wp-json\/wp\/v2\/pages\/13","targetHints":{"allow":["GET"]}}],"collection":[{"href":"https:\/\/lurgenceenambulance.fr\/index.php\/wp-json\/wp\/v2\/pages"}],"about":[{"href":"https:\/\/lurgenceenambulance.fr\/index.php\/wp-json\/wp\/v2\/types\/page"}],"author":[{"embeddable":true,"href":"https:\/\/lurgenceenambulance.fr\/index.php\/wp-json\/wp\/v2\/users\/1"}],"replies":[{"embeddable":true,"href":"https:\/\/lurgenceenambulance.fr\/index.php\/wp-json\/wp\/v2\/comments?post=13"}],"version-history":[{"count":3,"href":"https:\/\/lurgenceenambulance.fr\/index.php\/wp-json\/wp\/v2\/pages\/13\/revisions"}],"predecessor-version":[{"id":72,"href":"https:\/\/lurgenceenambulance.fr\/index.php\/wp-json\/wp\/v2\/pages\/13\/revisions\/72"}],"wp:attachment":[{"href":"https:\/\/lurgenceenambulance.fr\/index.php\/wp-json\/wp\/v2\/media?parent=13"}],"curies":[{"name":"wp","href":"https:\/\/api.w.org\/{rel}","templated":true}]}}