{"id":5,"date":"2025-06-10T14:10:07","date_gmt":"2025-06-10T12:10:07","guid":{"rendered":"https:\/\/lurgenceenambulance.fr\/?page_id=5"},"modified":"2025-06-25T20:22:05","modified_gmt":"2025-06-25T18:22:05","slug":"signes-cliniques","status":"publish","type":"page","link":"https:\/\/lurgenceenambulance.fr\/index.php\/signes-cliniques\/","title":{"rendered":"SIGNES CLINIQUES"},"content":{"rendered":"\n<div class=\"wp-block-columns is-layout-flex wp-container-core-columns-is-layout-28f84493 wp-block-columns-is-layout-flex\">\n<div class=\"wp-block-column is-layout-flow wp-block-column-is-layout-flow\" style=\"flex-basis:66.66%\">\n<h2 class=\"wp-block-heading has-custom-color-1-color has-text-color has-link-color wp-elements-e9779269e18bba2f8bb2fd7ea22289eb\"><br><strong>Signes de d\u00e9tresse neurologique:<\/strong><\/h2>\n<\/div>\n\n\n\n<div class=\"wp-block-column is-vertically-aligned-bottom is-layout-flow wp-block-column-is-layout-flow\" style=\"flex-basis:33.33%\"><\/div>\n<\/div>\n\n\n\n<ul class=\"wp-block-list\">\n<li class=\"has-custom-color-1-color has-text-color has-link-color wp-elements-9eddfc4b1972de86809e09d040ca93cb\">Troubles de la conscience<\/li>\n\n\n\n<li class=\"has-custom-color-1-color has-text-color has-link-color wp-elements-1d82292e31d9358ce47da25df5045f10\">Troubles du comportement, de l\u2019\u00e9quilibre<\/li>\n\n\n\n<li class=\"has-custom-color-1-color has-text-color has-link-color wp-elements-8e518c38cb3f32d4f973969e3e22998f\">Troubles de l\u2019orientation (temps, espace)<\/li>\n\n\n\n<li class=\"has-custom-color-1-color has-text-color has-link-color wp-elements-e3b598e813dafcdc22ca07d12bf7c61e\">Pupilles<\/li>\n\n\n\n<li class=\"has-custom-color-1-color has-text-color has-link-color wp-elements-8f8daaa1a6a4db4579abb024433478d5\">C\u00e9phal\u00e9es, naus\u00e9es, vomissements, convulsions\u2026<\/li>\n<\/ul>\n\n\n\n<figure class=\"wp-block-image aligncenter size-full is-resized\"><img loading=\"lazy\" decoding=\"async\" width=\"720\" height=\"360\" src=\"http:\/\/lurgenceenambulance.fr\/wp-content\/uploads\/2025\/06\/233962B3-DAA4-4E50-A47B-B4656B2B2D28.webp\" alt=\"\" class=\"wp-image-47\" style=\"width:333px;height:auto\" srcset=\"https:\/\/lurgenceenambulance.fr\/wp-content\/uploads\/2025\/06\/233962B3-DAA4-4E50-A47B-B4656B2B2D28.webp 720w, https:\/\/lurgenceenambulance.fr\/wp-content\/uploads\/2025\/06\/233962B3-DAA4-4E50-A47B-B4656B2B2D28-300x150.webp 300w\" sizes=\"auto, (max-width: 720px) 100vw, 720px\" \/><\/figure>\n\n\n\n<h2 class=\"wp-block-heading has-custom-color-1-color has-text-color has-link-color wp-elements-a5a902e693ac010314674c5dfdd33c8b\"><br><strong>Signes de d\u00e9tresse respiratoire:<\/strong><\/h2>\n\n\n\n<figure class=\"wp-block-image size-full\"><img loading=\"lazy\" decoding=\"async\" width=\"486\" height=\"336\" src=\"https:\/\/lurgenceenambulance.fr\/wp-content\/uploads\/2025\/06\/Capture-decran-2025-06-10-a-14.03.47.png\" alt=\"\" class=\"wp-image-7\" srcset=\"https:\/\/lurgenceenambulance.fr\/wp-content\/uploads\/2025\/06\/Capture-decran-2025-06-10-a-14.03.47.png 486w, https:\/\/lurgenceenambulance.fr\/wp-content\/uploads\/2025\/06\/Capture-decran-2025-06-10-a-14.03.47-300x207.png 300w\" sizes=\"auto, (max-width: 486px) 100vw, 486px\" \/><\/figure>\n\n\n\n<div class=\"wp-block-group is-nowrap is-layout-flex wp-container-core-group-is-layout-6c531013 wp-block-group-is-layout-flex\">\n<ul class=\"wp-block-list\">\n<li class=\"has-custom-color-1-color has-text-color has-link-color wp-elements-86984ed75e67036bcc19a6ca2cd78b18\">Bruits \u00e0 la respiration<\/li>\n\n\n\n<li class=\"has-custom-color-1-color has-text-color has-link-color wp-elements-a00419437e7268e60f541040c115907d\">Signes de lutte<\/li>\n\n\n\n<li class=\"has-custom-color-1-color has-text-color has-link-color wp-elements-2832bd7ca86b2b84de78df0273162602\">Di\ufb03cult\u00e9s pour parler<\/li>\n\n\n\n<li class=\"has-custom-color-1-color has-text-color has-link-color wp-elements-13a662badae4e3b8be787e9a0d431af0\">Agitation et angoisse<\/li>\n\n\n\n<li class=\"has-custom-color-1-color has-text-color has-link-color wp-elements-77636b82d537df2df849a9183e410059\">Cyanose<\/li>\n\n\n\n<li class=\"has-custom-color-1-color has-text-color has-link-color wp-elements-3524762f2c6743ea398e903473df9fda\">Sueur<\/li>\n<\/ul>\n<\/div>\n\n\n\n<h2 class=\"wp-block-heading has-custom-color-1-color has-text-color has-link-color wp-elements-04c14fc745113b7b62e0789e99f9e989\"><br><strong>Signes de d\u00e9tresse circulatoire:<\/strong><\/h2>\n\n\n\n<figure class=\"wp-block-image size-full\"><img loading=\"lazy\" decoding=\"async\" width=\"614\" height=\"408\" src=\"https:\/\/lurgenceenambulance.fr\/wp-content\/uploads\/2025\/06\/Capture-decran-2025-06-10-a-14.07.23.png\" alt=\"\" class=\"wp-image-8\" srcset=\"https:\/\/lurgenceenambulance.fr\/wp-content\/uploads\/2025\/06\/Capture-decran-2025-06-10-a-14.07.23.png 614w, https:\/\/lurgenceenambulance.fr\/wp-content\/uploads\/2025\/06\/Capture-decran-2025-06-10-a-14.07.23-300x199.png 300w\" sizes=\"auto, (max-width: 614px) 100vw, 614px\" \/><\/figure>\n\n\n\n<div class=\"wp-block-columns is-layout-flex wp-container-core-columns-is-layout-28f84493 wp-block-columns-is-layout-flex\">\n<div class=\"wp-block-column is-layout-flow wp-block-column-is-layout-flow\" style=\"flex-basis:100%\">\n<ul class=\"wp-block-list\">\n<li class=\"has-custom-color-1-color has-text-color has-link-color wp-elements-5849bc76a9726942af73de67b8c46a59\">Tachycardie\/bradycardie<\/li>\n\n\n\n<li class=\"has-custom-color-1-color has-text-color has-link-color wp-elements-afc47aec43f04a66152a5e37bae6edb4\">Pouls filant, mal per\u00e7u ou absent<\/li>\n\n\n\n<li class=\"has-custom-color-1-color has-text-color has-link-color wp-elements-175d2f1e9a4962b7fd137df310c92d79\">Arythmie (irr\u00e9gulier), pouls asym\u00e9trique<\/li>\n\n\n\n<li class=\"has-custom-color-1-color has-text-color has-link-color wp-elements-d144806ab77787fbdce0d7bdd2ff98be\">P\u00e2leur<\/li>\n\n\n\n<li class=\"has-custom-color-1-color has-text-color has-link-color wp-elements-d668b9500b480b60990bc1ce146b4216\">Moiteur<\/li>\n\n\n\n<li class=\"has-custom-color-1-color has-text-color has-link-color wp-elements-460c5f52728878e5147dd45ebe67bb43\">Marbrures<\/li>\n\n\n\n<li class=\"has-custom-color-1-color has-text-color has-link-color wp-elements-9c9384821364b8ea04939606eafe96df\"><strong>T<\/strong>emps de <strong>R<\/strong>ecoloration <strong>C<\/strong>utan\u00e9e > 3 sec<\/li>\n\n\n\n<li class=\"has-custom-color-1-color has-text-color has-link-color wp-elements-67485e889e669701b75c0d1f1a759e47\">Angoisse<\/li>\n\n\n\n<li class=\"has-custom-color-1-color has-text-color has-link-color wp-elements-0a6b46ded4f34a565fed9370eddc1ebc\">Sensation de froid et de soif<\/li>\n<\/ul>\n<\/div>\n<\/div>\n","protected":false},"excerpt":{"rendered":"<p>Signes de d\u00e9tresse neurologique: Signes de d\u00e9tresse respiratoire: Signes de d\u00e9tresse circulatoire:<\/p>\n","protected":false},"author":1,"featured_media":0,"parent":0,"menu_order":3,"comment_status":"closed","ping_status":"closed","template":"","meta":{"footnotes":""},"class_list":["post-5","page","type-page","status-publish","hentry"],"_links":{"self":[{"href":"https:\/\/lurgenceenambulance.fr\/index.php\/wp-json\/wp\/v2\/pages\/5","targetHints":{"allow":["GET"]}}],"collection":[{"href":"https:\/\/lurgenceenambulance.fr\/index.php\/wp-json\/wp\/v2\/pages"}],"about":[{"href":"https:\/\/lurgenceenambulance.fr\/index.php\/wp-json\/wp\/v2\/types\/page"}],"author":[{"embeddable":true,"href":"https:\/\/lurgenceenambulance.fr\/index.php\/wp-json\/wp\/v2\/users\/1"}],"replies":[{"embeddable":true,"href":"https:\/\/lurgenceenambulance.fr\/index.php\/wp-json\/wp\/v2\/comments?post=5"}],"version-history":[{"count":4,"href":"https:\/\/lurgenceenambulance.fr\/index.php\/wp-json\/wp\/v2\/pages\/5\/revisions"}],"predecessor-version":[{"id":67,"href":"https:\/\/lurgenceenambulance.fr\/index.php\/wp-json\/wp\/v2\/pages\/5\/revisions\/67"}],"wp:attachment":[{"href":"https:\/\/lurgenceenambulance.fr\/index.php\/wp-json\/wp\/v2\/media?parent=5"}],"curies":[{"name":"wp","href":"https:\/\/api.w.org\/{rel}","templated":true}]}}